**5 + 0 - 5/24*t**4. Calculate the remainder when b(5) is divided by 1.
0
Let m = -1 + 9. Let s = m - -9. Suppose 0 = 3*b - 2 - 16. What is the remainder when s is divided by b?
5
Suppose 3*q = 5*p - 319 - 257, -q - 114 = -p. What is the remainder when p is divided by 30?
27
Suppose 0 = 2*o - 6*o + 8. Suppose -k = 4*t - 11, -k = o*t + 3*t - 12. Calculate the remainder when 13 is divided by k.
6
Suppose -2*r + 5*w = 10 - 37, -3*r - 2*w = -88. What is the remainder when r is divided by 9?
8
Let f = 72 - -7. What is the remainder when f is divided by 20?
19
Suppose 3*s = -5*u + 48, -5*s + 4*s = -4*u - 16. Suppose s = 2*i - 16. What is the remainder when 63 is divided by i?
15
Let k = 15 - 45. Let v(y) = y**2 + 6*y + 6. What is the remainder when v(-9) is divided by 12/k + (-174)/(-10)?
16
Let b(f) = -f**3 - f**2 - f + 14. Let a be b(0). What is the remainder when a - 2/(4/2) is divided by 5?
3
Suppose 186 = -4*s + 2*s. Let h = 163 + s. What is the remainder when h is divided by 18?
16
Let w = -58 - -60. Let g be (-24)/(-9) - (-1)/3. Suppose 0 = g*o + 2*q + 1, o + 3*q - 7*q = 9. What is the remainder when w is divided by o?
0
Suppose -4*h + h = -15. Suppose -5*o + h*y + 180 = 0, o - 31 + 10 = 4*y. What is the remainder when o is divided by 14?
13
Let l(y) = -y**3 + 6*y**2 + 4*y - 8. Suppose k - 15 + 9 = 0. Calculate the remainder when l(k) is divided by (3 - 2) + (-1 - -6).
4
Calculate the remainder when 39 is divided by -1*16*(0 + -1).
7
Let t be ((1 - 2) + 1)/2. Suppose 2*w - 2*i - 252 = t, 3*w - 5*i - 405 + 21 = 0. What is the remainder when (w/(-6))/(1/(-2)) is divided by 14?
13
Let x(c) = 12*c**2 - 4*c + 2. Suppose -16 = 3*l - 61. What is the remainder when x(2) is divided by l?
12
Let w = 12 - 0. Let k = w - 2. Suppose -2*m + 35 = j, 0*m - 7 = -m - 4*j. Calculate the remainder when m is divided by k.
9
Suppose -4*w - 3 = -w. What is the remainder when (w + -2)/(1/(-7)) is divided by 8?
5
Suppose -144 = -4*h + 4*t, 4*h = t - 73 + 223. Calculate the remainder when 111 is divided by h.
35
Let d = 13 - -11. What is the remainder when 948/14 + (-4)/(-14) + 3 is divided by d?
23
Let c = -1 - -1. Suppose c*k = -k + 37. Calculate the remainder when k is divided by 1*(19 - (3 - 3)).
18
Suppose -4*o + 2*o + 5*k = 14, -o + 19 = 4*k. Let j(u) = u - 1. Let h be j(o). Let b = 0 + h. What is the remainder when b is divided by 1?
0
Suppose 5*n = 64 + 26. Let r(s) = -3*s + 10. Suppose 0*q - 40 = 5*q. Calculate the remainder when r(q) is divided by n.
16
Let i = -42 - -88. Suppose 3*d - i = 4*s, -2*d - 4*s = -d + 6. Suppose -o + d = o. What is the remainder when o is divided by 2?
1
Suppose -2*x + 2*t = -14, -5*x + 45 = -t - 2*t. Let c = 4 - 7. What is the remainder when (c/(-6) - 0)*44 is divided by x?
10
Suppose 6*d - 580 = -4*d. Calculate the remainder when d is divided by 10.
8
Suppose 2*q - 4*r = -3*q + 65, q - 5*r - 34 = 0. What is the remainder when ((-4)/(-6))/((-1)/(-66)) is divided by q?
8
Let f(s) = s + 9. Let x(i) = -5*i - 41. What is the remainder when x(-10) is divided by f(-4)?
4
Let u = 5 - 3. Let x be (-22)/(-4)*(12 + u). Suppose 17 + x = 2*g. What is the remainder when g is divided by 16?
15
Suppose -5*q + 2 = -148. Let x = -3 - 17. Let m = x + q. Calculate the remainder when m is divided by 6.
4
Calculate the remainder when 39 is divided by 6/(-10) - (-580)/50.
6
Let z = 7 + 84. Calculate the remainder when z is divided by 23.
22
Suppose -12*r = -11*r - 27. What is the remainder when 134 is divided by r?
26
Let w be (-88)/(-20) - 6/(-10). Suppose -5*r = -w*h - 55, 2 + 4 = -2*r - 5*h. What is the remainder when 26 is divided by r?
5
Suppose 0 = -2*t + 5*t - 42. What is the remainder when (-3)/9 - (-124)/3 is divided by t?
13
Suppose -48 = -4*p + 4*n, -2*p + 11*n + 18 = 7*n. Calculate the remainder when ((-42)/(-5))/(3/15) is divided by p.
12
Suppose 3*x = 3*n - 69, 3*n - 3*x = 2*x + 61. Let w = -16 + n. Suppose 4*i + c = 84, i - 5*c = -0*i. What is the remainder when i is divided by w?
9
Suppose 0 = -3*s - s + 20. Suppose 0 = 7*m - s*m - 188. Calculate the remainder when m is divided by 24.
22
Suppose -4*h - h = -100. Calculate the remainder when 57 is divided by h.
17
Let w(d) = -8*d. Let g be w(1). Let y = 8 + g. Suppose 4*z - 11 - 41 = y. Calculate the remainder when z is divided by 5.
3
Suppose 4*x - 9*x = 0. Suppose -31 = i - 3*a, 4*i + x*i = 2*a - 144. Let v = i + 76. Calculate the remainder when v is divided by 14.
11
Let v = 5 + 3. Calculate the remainder when 28 is divided by v.
4
Let o(v) = 10*v - 8. What is the remainder when 81 is divided by o(5)?
39
Let x = 8 - 5. Let v = 71 - 66. What is the remainder when v is divided by x?
2
Let f(r) = -r**3 - r**2 + r - 1. Calculate the remainder when 82 is divided by f(-3).
12
Suppose 0 = -2*c - 2*f + 96, 4*c - 5*f = -0*c + 237. What is the remainder when c is divided by 14?
11
Let d(s) = 4*s - 5. Suppose 5*w + a - 51 = 0, 0*a + 29 = 3*w + a. What is the remainder when d(6) is divided by w?
8
What is the remainder when 1 - (0 - (32 + 0)) is divided by 18?
15
Suppose 29 = q + 4*s, -38 + 3 = -q - 2*s. What is the remainder when q is divided by 22/(-2 - -2 - -2)?
8
Let g = 11 - 7. Let d be ((-5 + 2)/1)/(21/(-14)). What is the remainder when (26/d)/(g/20) is divided by 22?
21
Let z = 10 - -11. Calculate the remainder when z is divided by 8.
5
Calculate the remainder when 75 is divided by -1 + 0 - (5 - 2 - 25).
12
Suppose -4*a - 16 = -5*m, 5 = 2*m - 3. Suppose -4*o + a = -59. Calculate the remainder when 28 is divided by o.
13
Suppose 0*m = -d - m + 21, m + 13 = d. What is the remainder when 31 is divided by d?
14
What is the remainder when (-187)/(-6) - (2 + (-33)/18) is divided by 16?
15
Suppose -2*c - b + 31 = 0, -4*b = -5*c + 100 - 16. Calculate the remainder when -1 + (1/((-1)/3) - -34) is divided by c.
14
Let q(s) = 34*s + 1. What is the remainder when q(1) is divided by 1/(((-8)/(-18))/4)?
8
Let v(w) = -w**2 - 9*w - 7. Let d(g) = -7*g**2 + 1. Let t be d(-1). Calculate the remainder when 41 is divided by v(t).
8
Let n = -3 - -36. Let v = -8 + 20. What is the remainder when n is divided by v?
9
Let t be 1 + 10 + 0 + 1. Let k = 41 - t. What is the remainder when k is divided by 10?
9
Calculate the remainder when -21*44/(-12) + -2 is divided by 38.
37
Suppose s = 17 - 9. What is the remainder when s is divided by 4?
0
Suppose 3*c - 9*h + 4*h = 75, -c - h = -25. Let f be -1 - (-8)/(0 - -2). Suppose f*a = -2*a + 65. Calculate the remainder when c is divided by a.
12
Let p = 22 - 20. Suppose -2*l + 9 = o, 5*o - p*l + l = 67. What is the remainder when o is divided by 7?
6
Suppose -3*q - 30 - 194 = -4*c, c - q = 55. What is the remainder when c is divided by 12?
11
Let g be (-4)/4*13*-1. Suppose -g - 23 = 4*d. Let w = 27 - d. Calculate the remainder when w is divided by 19.
17
Suppose a - 6*a = -65. What is the remainder when 23 is divided by a?
10
Let r = 248 + -118. What is the remainder when r is divided by 33?
31
Let d be 0 - -3 - (-6)/6. Suppose 3*b = d + 17. Let g = -2 + 15. Calculate the remainder when g is divided by b.
6
Let a(v) = -5*v**3 - 8*v**2 + 15*v - 9. Let g(h) = h**3 - h + 1. Let q = 6 + -5. Let c(d) = q*a(d) + 6*g(d). Calculate the remainder when c(7) is divided by 4.
3
Suppose 2*x - 5*x - 21 = 0. Let w(b) = b**3 + 6*b**2 - 8*b + 2. Let h(r) = 3*r + 4. Calculate the remainder when h(4) is divided by w(x).
7
Suppose 6*f - 98 + 14 = 0. What is the remainder when 40 is divided by f?
12
Let j be (-12)/9*9/(-2). Suppose 5*g + 9 = a, -g = 5*a - j*g - 45. What is the remainder when 17 is divided by a?
8
Suppose 0*l = 4*l - 8. Suppose -3*g + l*g + 18 = 0. Calculate the remainder when g is divided by 5.
3
Suppose 37 = d - 2*n + 4, 0 = -2*d + 2*n + 56. Let z = -61 - -106. Calculate the remainder when z is divided by d.
22
Suppose -4*j + 110 = 5*h, 3*j = -3*h + 22 + 41. Let u(x) = 5*x - 1. What is the remainder when h is divided by u(3)?
12
What is the remainder when 93 is divided by 23/1 - (-8 - -3)/5?
21
Let f = 58 + 2. Calculate the remainder when f is divided by 22.
16
Let w(p) = -p**3 + 8*p**2 + 9*p - 7. Let v be w(9). Let q = 4 - v. Calculate the remainder when 32 is divided by q.
10
Let m(q) = q + 31. Suppose -21 = -2*b + 11. What is the remainder when m(0) is divided by b?
15